).
-3
Calculate (1 - -28) + -18 + -28.
-17
Calculate 16 + 2 + -5 - (-5 + 3 + 1).
14
What is the value of (4 - -10) + -13 + -24 + 10?
-13
What is 7 + 10 + 38 + -34?
21
Calculate 0 + 10 - (15 + -16 + 7).
4
Calculate (-2 - -11 - 12) + 13.
10
-21 - -2 - (178 - 190)
-7
What is 27 + -22 - (-36 - -19)?
22
What is 8 - (10 - 15 - 6 - (-19 + -4))?
-4
-4 - (-38 - -8 - -20)
6
What is 3 + (12 - 8) - 10?
-3
What is the value of -2 - (7 + (-2 - 11) - 5)?
9
(42 - 14) + -3 - 12
13
(1 + -1 - (-4 + 1)) + (175 - 168)
10
What is -19 - -1 - (72 + (-144 - -84))?
-30
-16 + (-6 - (-1 - 14)) - -2
-5
-18 - (10 - 11 - 19)
2
What is the value of (18 - 1) + -19 + 39 + -26 + -4?
7
What is (-5 + (-11 - -7) - -7) + -30 - -7?
-25
Evaluate -22 + 12 - -2 - 3.
-11
What is 22 - (12 - (13 - 9))?
14
Evaluate -28 + 19 + -14 + 8 - 13.
-28
Evaluate (5 - ((7 + -1 - -6) + 0)) + 7.
0
What is the value of 1 - (2 - 2) - (-2 - -6)?
-3
-8 + 4 + -17 - -7 - -16
2
Calculate -12 - (-46 - -47 - (22 - -3)).
12
What is 0 - (14 + -7 + (3 - 8))?
-2
What is -15 + (-32 + 41 - -9)?
3
What is (-3 - -7 - 14) + 5 + 5 + 0?
0
Evaluate -10 + 13 - (8 - 1) - (-3 - -1).
-2
Calculate -20 + -4 + -2 - 2.
-28
What is 3 + 2 + -9 + -8 + -108 + 103?
-17
What is the value of (4 - 0) + (-138 - -121)?
-13
What is -32 + 15 + -16 + 22?
-11
What is the value of -3 + -8 + 5 + (60 - 34)?
20
What is the value of (18 - 19) + -36 + (6 - 2) - -8?
-25
Calculate 12 - 15 - -8 - 30.
-25
What is 0 + -3 + 16 - (207 + -212)?
18
Calculate -2 - (2 + -3) - (71 + -80).
8
-23 + (9 + -23 - (-31 - -22))
-28
What is (-9 - (-7 + -10 - -4)) + -8?
-4
What is 12 + (-22 - (1 + -7))?
-4
What is the value of -3 + 1 + 124 + -128?
-6
What is the value of -20 - ((-4 - -7) + -8) - -5?
-10
What is -2 + 14 - (14 + 28 - 29)?
-1
Calculate (-14 - (9 + -5) - -12) + 22.
16
Calculate (6 - -1 - 0) + -2 + 5 + 5.
15
What is the value of -10 + (-100 - -77 - (-7 - (0 + 0)))?
-26
Calculate -26 + (2 + 5 - (-13 - (-35 - -4))).
-37
What is -27 + 14 + (-2 - 21)?
-36
What is the value of 3 + -7 - (-9 + 2 - -3 - 16)?
16
4 - (16 - 23 - -25)
-14
Calculate (6 - (2 + -4) - -5) + -3 + -3.
7
What is 48 + -50 + (53 - 19) + -1 + -1?
30
11 - (-1 + -19 + 50)
-19
(-11 - (-14 - -3) - (1 + 10)) + 0
-11
What is the value of 1 + -3 + (-2 - 0) + 6 - 8?
-6
6 - (19 - (4 - -12))
3
What is -2 - ((2 - 5) + -7)?
8
What is -7 - (-15 + (10 - 5) - 2)?
5
What is 22 + 2 + (51 - (51 - 11))?
35
Evaluate 18 + -1 + 29 + 23 + -24 + -27.
18
Evaluate -15 + (9 - -6) + (29 - 25).
4
Evaluate 0 + (-10 + 24 - 5) + -3.
6
(16 + -5 - 7 - 13) + 11 + 4
6
What is the value of (-6 + -2 - 2 - (-58 + 33)) + -9?
6
Calculate (-6 - (-10 - 2)) + -13.
-7
What is the value of -4 + -2 + 5 + (-11 + 0 - 11)?
-23
Calculate 1 + -4 + -35 + 27 + -5.
-16
What is the value of -24 - (-3 - (7 + 1))?
-13
Calculate (7 + -6 + -10 - -3) + -1 + 1.
-6
-3 + (26 - (3 + 4)) - 4
12
Evaluate -23 - (-26 + -3) - 7.
-1
Evaluate -2 + 8 + -12 + 2 + (0 - -3).
-1
Evaluate 6 + 0 + (-6 + 11 - 10).
1
Calculate -7 - (-55 - -45) - -21.
24
What is the value of -19 - (1 + 14 + -20)?
-14
What is 1 - 6 - (-5 - (-2 + -14))?
-16
2 + (-8 + (1 - -15) - (9 + -2))
3
What is the value of (1 - ((-2 - 2) + 4)) + 5 + -11?
-5
58 + -45 + -5 + 1
9
What is 14 + -3 - (16 + -5) - -8?
8
Evaluate -9 + -10 + (11 - -1).
-7
What is -25 + 1 + 10 - -5?
-9
What is the value of 7 + 1 + 74 + -67?
15
What is the value of -6 + (8 - -5) + (-8 - -13 - 5)?
7
What is (-50 - -29) + 48 - 10?
17
Evaluate (0 - (0 + -6 + 13)) + 7.
0
What is the value of (-3 - 3) + (-20 - -19 - (3 - 7))?
-3
16 + -35 - (-11 - (-12 - -3))
-17
What is the value of -7 - (-7 + 1 - (14 + -20 + 6))?
-1
What is 14 - (-8 - (-7 - -8 - -1) - -7)?
17
Calculate -1 + -13 + (-4 - 15 - -27).
-6
Calculate (-66 - -15) + 40 + (-3 - -1).
-13
Calculate (-12 - -16 - 18) + 29 - -11.
26
What is -20 - (6 + -11 - (4 + (9 - 20)))?
-22
What is the value of -7 - (-1 + -1) - (1 - 4)?
-2
Evaluate (-13 - -32) + 7 - 10.
16
Calculate -16 + (0 - 38 - -78).
24
Calculate (-6 - 0) + -24 + 22.
-8
Calculate -1 - (-49 - (-12 + -11)).
25
Calculate -6 + (-6 - (-36 + 4) - (4 - -2)).
14
Calculate -15 + (2 - 6 - -5).
-14
Evaluate -16 + -3 + 14 + -4 + -3.
-12
Evaluate (29 - 25) + (2 + -6 - -10).
10
Calculate (-1 - -1) + -4 + -3 + (0 - -17).
10
What is the value of 16 - (25 + 0) - -18?
9
Evaluate 5 + (18 - 18 - (0 + 9 + -3)).
-1
-7 - (4 + (6 - (5 - 7)))
-19
What is -1 + -2 + (-6 - -12 - 3) + 1?
1
-9 + 0 - (-5 - (4 + (-8 - -1)))
-7
(9 - (7 + 5 + -8)) + -14
-9
What is -12 + 60 + (113 - 145)?
16
What is -8 + -19 + (11 - 0)?
-16
What is the value of -47 + 17 + (-10 - -23)?
-17
Evaluate -12 + (24 - (12 + -7 - 3)).
10
What is the value of 3 - (0 + (-9 - 0) - (1403 - 1396))?
19
3 + (36 + -17 - 9 - 13)
0
Calculate 14 + (1 - (-11 + 12)) - (0 + 3).
11
(1 - (17 + -15)) + 5
4
Calculate (-17 - (12 + -31)) + -2 + 6 + 1.
7
-26 + -12 + (4 - 8) + 7
-35
What is (-15 - -32) + -13 + 3?
7
-11 - (3 + 1 + -14 + 20)
-21
(-3 - (21 + 6 + -7 + -11)) + 18
6
(0 - (3 + -3)) + (6 - (5 + 7))
-6
(45 + -23 - 21) + 2 + 1 - 24
-20
Calculate (-12 - -6 - 7) + -12 + 17 - -4.
-4
Calculate 41 + -40 - 22 - -31.
10
(0 + 9 - 13) + 44 + -16
24
(-7 + 1 - -11) + 3 + (-3 - -6)
11
(5 - -8) + 7 + -12 + 12
20
What is the value of (52 - 41) + (-2 - (-2 + 0))?
11
-10 + 9 - (-7 + -2 + 14)
-6
Calculate -7 + (40 + -22 - -3).
14
What is 6 + 2 - 9 - ((1 - 0) + 18)?
-20
What is the value of 1 - (-18 - -2) - (0 - (-8 + 9))?
18
What is the value of 4 - (-20 + 1 + 2 + 5)?
16
-8 + -3 + (-9 - (15 + -14))
-21
1 + (-5 - 1 - -14)
9
-16 - (-5 + -2 - (8 + -4 + -4))
-9
557 + -563 - (23 - 1)
-28
What is -6 + 0 + (5 - 32) + 18?
-15
Evaluate -20 + -12 + (17 - 1 - -11).
-5
Evaluate 11 - (-7 + 14 - -1) - -13.
16
Evaluate (-10 - (30 + -30)) + -6 + 4 + -2.
-14
Calculate 5 + (334 - 336) + -1 + 19.
21
Evaluate -4 + (2 - (1 + -6) - (-80 - -87)).
-4
Evaluate (6 + -11 - 0) + 3.
-2
What is the value of 0 + 0 - (22 - 20 - 7) - -2?
7
What is 21 + (2 - -4) + -4 + 4 + -10?
17
Evaluate -34 + 25 + (3 - 6) + 0 + 3.
-9
Calculate (-21 - -2) + 9 + -5.
-15
Evaluate 360 + -355 + -1 + 0 + 0.
4
Calculate (-29 + 46 - 6) + -16.
-5
Calculate 10 - (-5 + 4 + -9 + (-2 - -5)).
17
What is -13 + 20 - -4 - (3 + 6)?
2
Calculate 6 + -28 + (-16 - -12) + -9.
-35
What is 11 + -9 + (5 - (1 + -6))?
12
What is -9 + (8 - (-18 - -15))?
2
What is the value of (-56 - -30) + 9 - (2 + 10)?
-29
What is 16 + -34 + -6 - (-4 - 3)?
-17
Calculate 2 - (-3 + (-5 - -10)) - (19 - 24).
5
What is 40 + (-33 - -5) - 3?
9
(0 - -1) + (11 - 1) + 0
11
What is 1 + 9 - (214 - 188)?
-16
(11 - -1) + (-1 + -4 - (-9 - -8))
8
-31 + 13 - (-44 + 6)
20
What is the value of -12 + -2 + -4 + 17?
-1
Calculate 7 - (-10 - (-27 + 12 + -4 + 2)).
0
Calculate 2 + 1 + (2 - 4) + -3 + -4.
-6
What is (70 - 73) + (-6 - 0) + -1 - -3?
-7
Evaluate 11 + (-100 - -107) + 0 + -4.
14
What is -5 - (-18 + -4 + 25 - (-14 - -1))?
-21
Evaluate 16 + -11 + 22 + -17 + -1 + 4.
13
Calculate -20 + (18 - -5) + 8.
11
-30 + 36 + 19 - 32
-7
Calculate 32 + (-21 - (20 - 25)).
16
Calculate -82 + 97 - (1 - -6) - (-3 + 10).
1
What is the value of (1 - 4) + (5 - -15 - (-7 + 15))?
9
Calculate 0 - 7 - (7 + -2).
-12
What is the value of -41 + -25 + 47 + 15?
-4
Calculate 1 + (7 - 17) + (16 - 11).
-4
What is 4 + 2 - (-19 + 104 - 79)?
0
What is 7 + (6 - (-11 + 11 + -3))?
16
What is -25 + 5 - (-9 - (3 - -9 - 13))?
-12
Evaluate (0 - -19) + 3 - (-207 - -223).
6
What is the value of -201 + 214 - (26 - 0)?
-13
What is the value of (10 - 8) + 5 + -13 - -21?
15
What is the value of (6 - (0 + -9 + 21)) + -5?
-11
75 + -26 - (3 + (18 - 7))
35
What is -28 - (-31 + (-16 - -27))?
-8
What is the value of 22 + 23 + -49 + 10 + -1?
5
36 + 16 + -23 + -34
-5
(1 - 10) + 11 + -2 + -11
-11
Evaluate 2 + (6 - -7 - (10 - 6) - -7).
18
(1 + -5 + 15 - 19) + 29
21
Calculate 9 + (-34 - -31 - 11).
-5
Evaluate 5 - (-16 + 1 + 11) - -6.
15
What is the value of (14 + (-5 - 3) - -7) + 4?
17
What is the value of -2 - (4 - (2 + 2) - 0)?
-2
What is the value of -2 - (-10 - -9 - -9 - 2)?
-8
Calculate -16 - -2 - (43 - (-63 + 118)).
-2
((-2 - 0) + 1 - -1) + (222 - 227)
-5
What is 0 + 1 - (385 - 383)?
-1
What is the value of -12 + 8 + (-7 - -16 - 13)?
-8
(65 - 48) + (-20 - -2)
-1
What is the value of 17 - (-37 - -68) - -29?
15
Evaluate 17 + -9 + (-4 - -5).
9
Evaluate -34 - (1 - 8 - (-10 + (13 - 7))).